ulate x(-5).
-8
Let w(r) = -23*r**2 + 2199*r + 6797. What is w(-3)?
-7
Let x(q) = -139010*q + 9313660. Give x(67).
-10
Let v(p) = -2*p**3 + 289*p**2 + 82*p + 9071. Give v(145).
-64
Let d(h) = 7*h**3 + 4*h**2 - 60*h - 62. Calculate d(-1).
-5
Let u(l) = l**3 + 40*l**2 - 24*l - 2817. Determine u(-38).
983
Let q(l) = 4548*l - 63669. What is q(14)?
3
Let q(d) = -839*d - 211452. Give q(-252).
-24
Let r(x) = -204*x - 48197. Give r(-234).
-461
Let w(s) = s**2 + 3889*s + 180234. What is w(-47)?
-340
Let n(z) = -191*z**3 - z**2 - 4*z - 43. What is n(0)?
-43
Let h(a) = -2*a**3 - 23*a**2 + 217*a + 514. What is h(-17)?
4
Let l(c) = 155*c**2 - 153*c - 6. What is l(1)?
-4
Let j(z) = -244*z - 11053. Give j(-45).
-73
Let h(c) = -3*c**2 - 4478*c + 4965438. What is h(741)?
-3
Let o(z) = 18*z**2 - 111*z + 187. Calculate o(9).
646
Let d(m) = m**3 + 47*m**2 + 25*m - 536. Calculate d(-46).
430
Let r(v) = 13412*v + 737660. Determine r(-55).
0
Let p(c) = -4*c**3 - 63*c**2 - 392*c - 50. Calculate p(-10).
1570
Let r(p) = 3*p**3 + 3*p**2 - 1027*p + 308. Calculate r(0).
308
Let v(x) = 2*x**3 - 60*x**2 - 2131*x + 195. Give v(-21).
-36
Let p(t) = 113645*t - 1136463. What is p(10)?
-13
Let i(f) = 99*f - 1252. What is i(11)?
-163
Let a(c) = -2*c**3 - 228*c**2 + 463*c + 26596. What is a(-115)?
-199
Let s(u) = -42*u**2 - 1675*u - 126. Calculate s(-40).
-326
Let n(s) = -102285*s + 11353635. Give n(111).
0
Let v(d) = 14*d**2 + 185*d - 384. Give v(2).
42
Let k(d) = -d**3 + 91*d**2 + 365*d - 33013. Determine k(91).
202
Let s(k) = 2*k**2 - 27*k + 529. Give s(10).
459
Let z(v) = 34*v**2 + 810*v + 624. Give z(-26).
2548
Let j(z) = 28*z**3 + 1624*z**2 + 10*z + 9. Give j(-58).
-571
Let i(u) = -u**3 - 84*u**2 + 1258*u - 319. Calculate i(-97).
-28
Let a(w) = -156*w + 20895. Give a(137).
-477
Let g(t) = -7423*t + 155899. Give g(21).
16
Let f(a) = -75*a**2 + 85*a - 328. Give f(0).
-328
Let t(q) = -2*q**3 + 53*q**2 + 37*q + 2588. Give t(29).
-544
Let l(i) = 5*i**2 + 91*i + 49. Determine l(-14).
-245
Let o(t) = -4841*t - 24221. Calculate o(-5).
-16
Let b(t) = 1109*t + 6161. Calculate b(-5).
616
Let f(g) = 145294*g + 871768. Determine f(-6).
4
Let w(g) = 398*g - 990. What is w(4)?
602
Let d(s) = 2088*s**2 + 805970*s + 766. What is d(-386)?
-6
Let o(u) = -3*u**3 - 231*u**2 + 227*u - 607. What is o(-78)?
-61
Let g(p) = -939*p - 36972. What is g(-40)?
588
Let c(q) = 2*q**2 - 324*q + 9420. Give c(127).
530
Let v(h) = -17213*h - 86084. What is v(-5)?
-19
Let a(p) = p**2 - 106975*p + 1069646. What is a(10)?
-4
Let t(m) = 16453*m - 2583122. Give t(157).
-1
Let t(y) = 2*y**2 - 24253*y + 145607. Calculate t(6).
161
Let p(u) = u**3 + 24*u**2 + 30*u - 665. Give p(-21).
28
Let t(p) = 4*p**3 + 144*p**2 - 863*p + 116. Calculate t(5).
-99
Let c(y) = -y**3 + 1328*y**2 + 5331*y + 154. Calculate c(-4).
142
Let z(o) = -o**3 + 146*o**2 + 175*o - 3561. What is z(147)?
555
Let h(c) = -2*c**3 - 354*c**2 - 717*c - 2700. What is h(-175)?
275
Let k(f) = f**3 - 142*f**2 + 507*f + 6246. What is k(138)?
36
Let j(u) = 8*u**2 - 323*u - 2952. Determine j(-9).
603
Let f(j) = 54285*j + 217171. What is f(-4)?
31
Let r(b) = -b**2 + 39858*b + 438560. Give r(-11).
1
Let b(o) = o**2 - 34*o - 33188. What is b(-166)?
12
Let y(t) = 1145232*t - 75585306. Determine y(66).
6
Let o(t) = 24*t - 1125. Give o(-6).
-1269
Let v(a) = a**3 + 36*a**2 - 63*a + 255. What is v(-38)?
-239
Let u(d) = -2*d**2 + 748*d - 8131. Give u(11).
-145
Let d(q) = 3*q**2 + 7797*q - 125404. Determine d(16).
116
Let d(i) = -i**2 - 219*i + 9952. Determine d(39).
-110
Let u(d) = 620*d - 44139. Give u(70).
-739
Let h(s) = -s**3 + 65*s**2 + 211*s - 9573. Determine h(66).
-3
Let v(n) = 51*n - 3135. Determine v(66).
231
Let i(c) = -c**3 - 243*c**2 - 258*c - 2579. What is i(-242)?
1293
Let l(r) = -336*r + 3178. What is l(12)?
-854
Let i(o) = 3443*o - 41998. Give i(12).
-682
Let o(x) = 8469*x + 1863175. What is o(-220)?
-5
Let s(o) = 14677*o - 44007. Determine s(3).
24
Let u(f) = 102002*f - 306059. Determine u(3).
-53
Let i(h) = 50632*h**2 + 202517*h - 23. Give i(-4).
21
Let n(d) = 1285*d**2 + 14126*d - 80. Calculate n(-11).
19
Let m(f) = 4*f**3 - 24*f**2 + 132*f - 1731. Determine m(8).
-163
Let p(x) = -810*x + 29514. Give p(33).
2784
Let k(d) = d**3 + 1270*d**2 + 1779*d - 959876. What is k(-1268)?
0
Let y(c) = 1542370*c + 20050799. Calculate y(-13).
-11
Let w(q) = 5*q**3 - 50*q**2 + 11*q - 161. What is w(11)?
565
Let i(p) = 29530*p + 679199. Give i(-23).
9
Let f(r) = -59157*r - 414084. Give f(-7).
15
Let p(t) = 979*t - 12512. Give p(9).
-3701
Let u(z) = 4*z**3 + 72*z**2 + 376*z - 33. Determine u(-9).
-501
Let x(v) = -v**3 - 69*v**2 + 1191*v - 1706. What is x(13)?
-81
Let z(u) = -520*u + 1011. Calculate z(2).
-29
Let m(d) = -1506*d + 489439. Give m(325).
-11
Let u(v) = -1243314*v - 118114828. What is u(-95)?
2
Let s(l) = -1250*l + 92091. Determine s(74).
-409
Let h(t) = -3*t**2 - 279*t - 7787. Determine h(-37).
-1571
Let f(r) = 2*r**2 + 2862*r - 244942. Give f(81).
2
Let y(w) = 69*w**3 - 348*w**2 + 341*w + 8. Calculate y(1).
70
Let a(x) = 2*x**3 + 66*x**2 + 183*x + 4440. Calculate a(-32).
632
Let h(g) = 2*g**2 + 679*g + 10358. Calculate h(-16).
6
Let r(j) = -11*j**2 - 18*j + 28. Determine r(-10).
-892
Let d(n) = -1029*n - 17332. Give d(-17).
161
Let x(b) = -1490*b + 31295. What is x(21)?
5
Let i(o) = -2*o**3 - 303*o**2 + 173*o + 3177. Calculate i(-152).
-15
Let k(m) = m**3 + 222*m**2 - 5063*m - 823. Calculate k(21).
17
Let t(b) = -7*b**2 - 1041*b + 14903. Calculate t(14).
-1043
Let v(h) = -10*h**2 + 118*h + 1099. Give v(18).
-17
Let b(q) = -q**3 + 68*q**2 - 55*q - 426. Calculate b(67).
378
Let p(r) = r**3 + 444*r**2 + 3533*r - 83. Calculate p(-8).
-443
Let r(x) = x**2 + 45*x + 369. Give r(-16).
-95
Let a(t) = 234885*t - 234892. What is a(1)?
-7
Let d(l) = -4*l**3 - 2475*l**2 - 1869*l - 9242. Determine d(-618).
28
Let o(b) = 2*b**2 - 6817*b + 1337375. Give o(209).
-16
Let l(k) = -129*k**2 - 20*k - 18. Give l(-1).
-127
Let z(s) = s**3 + 27*s**2 + 167*s + 182. What is z(-7)?
-7
Let d(r) = -5*r**2 + 2741*r - 34833. Give d(13).
-45
Let m(u) = u**3 - 460*u**2 - 2809*u + 6062. Determine m(466).
4
Let a(r) = 2471*r**2 + 264417*r + 2136. Give a(-107).
-4
Let j(d) = -d**2 + 2449*d - 205495. What is j(87)?
-1
Let h(l) = 221*l + 2804. Determine h(-13).
-69
Let u(a) = 110120*a + 14315600. Determine u(-130).
0
Let l(q) = 13*q**2 + 274*q - 944. What is l(-24)?
-32
Let n(h) = 4851*h + 207451. Determine n(-43).
-1142
Let j(a) = -280*a - 35095. Calculate j(-126).
185
Let x(s) = -74821*s - 972675. Calculate x(-13).
-2
Let m(l) = -2*l**2 - 3115*l - 118437. Calculate m(-39).
6
Let j(m) = -16*m - 160. Determine j(11).
-336
Let o(w) = -1260*w + 179321. Calculate o(142).
401
Let q(z) = -79184*z**2 + 79261*z + 1. Give q(1).
78
Let d(p) = p**3 - 2*p**2 - 35*p - 384. Give d(-10).
-1234
Let p(l) = 130*l - 18143. Calculate p(161).
2787
Let o(l) = -2*l**3 + 146*l**2 + 299*l + 49. Determine o(75).
-26
Let k(f) = -f**3 - 83*f**2 + 765*f + 3367. Give k(-91).
0
Let d(k) = 237156*k + 237156. What is d(-1)?
0
Let v(m) = -80*m - 3705. What is v(-69)?
1815
Let g(u) = 2306*u - 1030778. Determine g(447).
4
Let p(c) = 42942*c - 3392415. What is p(79)?
3
Let u(r) = -177*r**2 - 45664*r + 357. What is u(-258)?
-159
Let s(q) = -90385*q + 14100061. Calculate s(156).
1
Let a(i) = -348*i**2 - 230*i + 4. Give a(-1).
-114
Let p(x) = 41*x**2 - 2248*x - 2247. Give p(-1).
42
Let s(h) = 20304*h - 11776298. Determine s(580).
22
Let u(v) = -11*v**2 - 262*v + 1871. Determine u(-29).
218
Let i(n) = 4*n**2 - 55*n - 28. Calculate i(18).
278
Let y(g) = 767*g**2 - 20*g. What is y(1)?
747
Let h(p) = -12723*p**2 + 2*p - 5. Calculate h(0).
-5
Let q(t) = -973*t - 147909. Calculate q(-152).
-13
Let f(j) = -142*j + 696. Calculate f(5).
-14
Let b(v) = v**2 - 295*v - 1529. What is b(308)?
2475
Let c(k) = k**3 + 69*k**2 + 1570*k + 57839. Give c(-59).
19
Let f(m) = 924*m + 4366. What is f(-4)?
670
Let y(f) = 4374*f - 174919. Determine y(40).
41
Let q(m) = -22*m - 1030. Determine q(104).
-3318
Let q(r) = -17*r**2 - 257*r + 5. Give q(-10).
875
Let w(q) = 2*q**3 + 365*q**2 + 2457*q + 18. Determine w(-7).
18
Let j(w) = w**3 + 15*w**2 - 96*w - 1552. Give j(-15).
-112
Let n(j) = 2*j**3 - 11*j**2 - 629*j + 4729. What is n(8)?
17
Let j(l) = 2709*l